 o(p) = -2*p - 7. Let n be o(-6). Let u(a) = a**2 - 5*a - 3. Calculate u(n).
-3
Suppose -3*a + 5*a + 18 = -2*q, 5*a - 5 = 5*q. Let s(f) = 2*f + 1. What is s(q)?
-9
Let o(k) be the first derivative of k**2/2 + 6*k - 8. Calculate o(0).
6
Let h(i) = 156*i + 1 + 5*i**2 - 156*i. Determine h(1).
6
Let w(p) = -3*p - 3. Suppose 9 = r - 5*q - 12, 4*q = -12. Suppose 3*d + j - r = -2, 13 = d - 2*j. What is w(d)?
-12
Let l(n) = -n**2 + 15*n - 20. Let u be l(14). Let o(i) = i**3 + 5*i**2 - 8*i - 8. Determine o(u).
4
Let d = 6 + -8. Let t(y) = 1. Let a(x) = -x**3 + 4*x**2 + 5*x - 4. Let c(j) = d*t(j) - a(j). Suppose 44 - 24 = 4*l. Give c(l).
2
Let u(h) = h**2 - 10*h - 14. Let s(f) = -6*f + 95. Let q be s(14). What is u(q)?
-3
Let x = -2 + 5. Let b(i) = 5*i**2 - 6*i + 1. Let p(m) = -6*m**2 + 7*m - 2. Let u(a) = -4*b(a) - 3*p(a). Determine u(x).
-7
Suppose -12 = -4*c + 8. Let a(p) = 3 + p + c - 12 + 6. What is a(0)?
2
Let c(x) = -2*x**2 - 2. Let r be c(-2). Let i(z) = z**2 + 12*z + 7. What is i(r)?
-13
Suppose 0 = 3*u - 0*u - 18. Let o(d) = -d**3 + 7*d**2 - 6*d + 3. Calculate o(u).
3
Let p(n) be the second derivative of -n**3/6 + n**2/2 - n. Suppose 2*a + 6 = -0. Give p(a).
4
Suppose -j + 0*j = 1. Let q = 35 - 32. Let c(g) = -g**2 - 133*g + 0*g**2 - 12*g**q + 132*g. What is c(j)?
12
Let v(a) = -a - 2. Let d = 2 - -3. Suppose d*l - 4*o = -o, -l = -o. Give v(l).
-2
Let h(g) = -3 - 2*g - 6*g + g + 0*g. Determine h(-2).
11
Let y(c) = c - 4*c + 6*c + c**2 - 8*c - 2. What is y(6)?
4
Let p be (-8)/32 - (-3)/(-4). Let z be (p/1)/(2 - 1). Let r(j) = 3*j**2 - j. Calculate r(z).
4
Suppose 28*a - 40*a + 36 = 0. Let j(b) be the first derivative of -b**2 - 1. Give j(a).
-6
Let j be (-6 - -3)/(3/(-2)). Let v(s) = s**3 - 2*s**2 + 2*s - 3. Determine v(j).
1
Let m(o) be the second derivative of o**4/12 - 4*o**3/3 - 4*o. Let k be m(8). Let n(z) = -z**2 - z - 3. Calculate n(k).
-3
Let h be 3 - 3/(-9)*-3. Suppose 0 = p + 4*f + 4, -2*f = -2*p + h*f + 16. Let l(j) = 4*j + j - 4*j + p. Calculate l(-5).
-1
Let p(w) be the first derivative of -w**4/4 - 2*w**3 - 3*w**2 - w - 3. Calculate p(-5).
4
Let i(w) = w**2 - 3*w - 6. Let j be ((-20)/6)/(16/(-24)). Let n be i(j). Let f(u) = 2*u - n*u + 5 + 3*u - 4. Calculate f(0).
1
Let u(y) = 6*y**2 + 7 - 3*y - 5*y**3 - 2*y**2 - 8*y**2 - 2. Let v(b) = b**3 + b - 1. Let x(o) = -u(o) - 4*v(o). Determine x(-2).
9
Let c(p) = p**2 + 5*p - 1. Let v(q) = 0 + 2 + q - 11. Let y be v(8). Let w be 2 - 6 - (y + 0). Determine c(w).
-7
Let d = -4 + 6. Let b(x) = 6 + x + x**2 - x**3 - 2*x + d*x**3 + 0*x. Give b(0).
6
Let l = -46 + 43. Let j(x) = -3*x**2 + 0*x**2 - x**3 - x + 0*x + 4. Determine j(l).
7
Suppose 7*q = 2*q + 5. Let u(t) = -q - 3 + 2 + t. What is u(-4)?
-6
Let y(l) = -17*l**3 - 1. Let s(d) = d**2 + 12*d - 7. Let k be s(-13). Let p(i) = i**2 - 7*i + 5. Let h be p(k). Give y(h).
16
Let l(s) = -6*s**2 - 2*s - 1. Let u be 6/18 - 8/6. Let v be l(u). Let a(f) = 5*f + 4. Let w(o) = 9*o + 9. Let z(m) = -5*a(m) + 3*w(m). What is z(v)?
-3
Let i be 1*0/(2*-1). Suppose 2*w = -3*w + 20. Let g(f) = -f + 2*f - w - 5 + 1. Give g(i).
-8
Let s = -3 + 15. Suppose -37 = -5*y - s. Let u(z) be the third derivative of z**6/120 - z**5/15 - z**4/4 - 9*z**2. Determine u(y).
-5
Let q(l) = l**3 - 2*l**2 - 2*l - 3. Let i be q(3). Let p(v) = i*v - 1 - 3 - v. Let u be p(-2). Let j(w) = -w**2 + 1. Calculate j(u).
-3
Let k(p) = -9 + 2*p**2 - 6*p + p + 11 - p**2. Calculate k(3).
-4
Let j(a) = -a**2 - 2*a - 3. Let y be 4*((-1)/(-2) + 0). Let x be ((-52)/6)/((-4)/6). Suppose 5*z + x = -y. Give j(z).
-6
Let b = -21 - -15. Let u(q) = -q**2 - 5*q + 5. Calculate u(b).
-1
Let w be 7 + -1 + 1/(-1). Let m(x) = 3 - 2 - 29*x**2 + 13*x**2 + 6*x + 15*x**2. Calculate m(w).
6
Let w = -2 + 6. Let p(g) = -6 - 5*g + 3 + w. What is p(1)?
-4
Let j(x) be the third derivative of -x**4/6 + 2*x**3/3 - 18*x**2. What is j(4)?
-12
Let k be (4/(-6))/((-5)/90). Suppose -5*c = 20, -l + 5*c = -3*l - k. Let t(f) = 0 + 0 - 5*f**2 + l*f**2 - 3 + 6*f. What is t(4)?
5
Let g(b) be the third derivative of -b**6/120 - b**5/10 - b**4/24 - b**3 + 3*b**2. Let f(r) = -r**2 - 6. Let z = -5 + 5. Let x be f(z). What is g(x)?
0
Suppose -2*x = 2 - 8, -4*h - 17 = -3*x. Let d(g) = 5*g + 2. Give d(h).
-8
Let s(b) = -2*b**2 - 4*b - 3. Let g be (8 + -7)/(2/(-4)). What is s(g)?
-3
Let o = 23 - 27. Let n(y) = -2*y - 1. What is n(o)?
7
Suppose -2*m + 17 = -1. Suppose 0*s = 3*s - m. Let p(j) = 0*j + 2*j - 6 - s*j. Give p(-5).
-1
Suppose -3*z - 5*y + 5 = 0, y - 2 = -1. Suppose 4*u + z*u = 72. Suppose u = -2*r - r - 2*s, -18 = 3*r + 3*s. Let v(b) = b + 3. Give v(r).
-3
Let l(s) = -10 + s**2 + 29 - 12. What is l(0)?
7
Let j(r) = 4*r + 10. Let v(q) = 1. Let y(t) = -2*j(t) + 20*v(t). Suppose -5 = -k - 4*w, -k - 5*w = -0*k - 6. Calculate y(k).
-8
Let a(j) be the third derivative of j**4/24 - 2*j**3/3 - 2*j**2. Suppose 0 = l - 6*l - 2*f, -2*l = 4*f + 16. Give a(l).
-2
Suppose -2*s + 0*s + 9 = a, 5*s - 25 = 0. Let l = 3 - a. Let v(n) = -2*n**2 + 5*n + 2. Determine v(l).
-10
Let f(v) = 2*v - 3. Suppose 0 = 4*g - 0*g + 8. Let p = g - -4. Suppose 2*m + 4*i - 12 = -2*m, 3*m - 14 = p*i. Calculate f(m).
5
Suppose 4*j = 8*j. Suppose j = -4*d - 0 - 4, -d = 2*t - 5. Let h(p) = 0*p - 4*p + 2*p + 6 + t*p. What is h(-5)?
1
Let i(a) = 16*a**2 - 2*a - 8*a - 7 - 5*a**3 + 4*a**3 - 4*a**2. Let u be i(11). Let m(x) = x + 1. Calculate m(u).
5
Let u(n) = 2*n + 0*n + 2 + 0*n. Suppose 0 = -3*w - 2*w. Let t = -4 + w. Give u(t).
-6
Let k(f) be the third derivative of -f**8/20160 - f**6/360 - f**5/60 + f**2. Let u(c) be the third derivative of k(c). Calculate u(0).
-2
Let s(o) = -o**3 + 6*o**2 - o. Let j(f) = -2*f**3 + 12*f**2 - f - 1. Let q(i) = -3*j(i) + 5*s(i). Suppose 38 = 3*m - 4*l, 5*m - 2*l - 19 = 21. Determine q(m).
-9
Let d(g) = g**3 + 2*g**2 + 4*g + 4. Let w(t) = 2*t**3 + 4*t**2 + 7*t + 7. Let k(h) = -7*d(h) + 4*w(h). Determine k(2).
16
Let i(w) = w**2 + 12*w + 5. Let u(r) = r**2 - 10*r + 14. Let t be u(6). Give i(t).
-15
Let l(m) = 22 - 17 + m - 13 + m. Calculate l(-6).
-20
Let b(t) = 2*t**3 + 2*t**2 - 3*t - 3. Suppose 3*y - i = 34, -5*i + 22 = -y + 2*y. Suppose -4*l - y = -n, -l = -2*l + 2*n - 10. Determine b(l).
-5
Let g(k) = k**2 - 9*k + 4. Let x(j) = 7*j**3 - j**2 + 3*j - 2. Let l be x(1). What is g(l)?
-10
Suppose 22*x - 12 = 18*x. Let o(z) = z**3 - 4*z**2 + z - 1. What is o(x)?
-7
Let i(n) = -5*n + 5. Let x(z) = 3*z - 2. Let a(s) = 4*i(s) + 10*x(s). What is a(-2)?
-20
Let l(h) = 2*h**2 + 4*h**3 - 2 + 5*h**3 - h - 10*h**3. Give l(2).
-4
Let v(x) = -4*x - 5. Let q(p) = -9*p - 11. Let u(l) = 3*q(l) - 7*v(l). Determine u(-5).
-3
Let p = 7 - 1. Let t be ((-6)/4)/((-3)/p). Let n(l) be the third derivative of l**4/24 + l**2. Give n(t).
3
Let z = 3 - -4. Let d(l) = -l**2 + 7*l**2 - 7*l - z - l**3 + 5*l. Determine d(5).
8
Let b(k) = -2*k - 5. Let n be b(-4). Let i(l) = l**3 - 2*l**2 - 2*l + 4. Determine i(n).
7
Let u(y) = -14*y**3 + 2*y + 1. Suppose 6*t + 1 = 5*t. Determine u(t).
13
Let b(h) = 2*h**3 - h**2 - 3*h + 2. Let j(p) = -3*p**3 + 2*p**2 + 5*p - 3. Let s(r) = -8*b(r) - 5*j(r). Give s(-2).
1
Let p(o) be the first derivative of -1/3*o**3 + 5 + o + 3/2*o**2. Determine p(3).
1
Let w be (4/(-10))/((-1)/15). Let u(y) = -44*y**2 + 10*y**2 - 4 + 17*y**2 - 7*y + 18*y**2. What is u(w)?
-10
Let c(d) = -d**3 - d**2 + 1. Let p(z) = -2*z**3 + 2*z**2 - 7*z + 4. Let o(t) = -3*c(t) + p(t). Let b(k) = k**2 - k - 6. Let l be b(0). Calculate o(l).
7
Let p(k) = -k**2 - 6*k - 8. Let a be p(-5). Let q(g) = -g**3 - 3*g**2 + 2. Determine q(a).
2
Let c(s) = -4*s. Suppose 2*t - 20 + 4 = 0. Suppose -2*x - 4 = 5*q, -2*x - 2*x + 5*q = t. Calculate c(x).
8
Let o(w) = 2*w + 0 + 2 - 3. Let d be 0/(3 + -1) - 28/7. Give o(d).
-9
Let s(f) = 10*f**3 + f**2 - 2. Let h(b) = 7*b**3 + b**2 - 1. Let g(x) = -7*h(x) + 5*s(x). Let c = 25 - 22. Calculate g(c).
6
Let f(s) = 3 + s**2 + 0*s + s - 4 - 7*s. Suppose 8*a = 3*a + 25. Suppose -14 = -a*n + 11. Give f(n).
-6
Let a(g) = g - 10. Let u(v) = v**3 + 1. Let h be u(-1). Calculate a(h).
-10
Let d(h) be the first derivative of -h**3/3 - 2*h**2 + 3*h + 5. What is d(-3)?
6
Let z = 5 + -3. Let x(u) = 0*u**3 + z*u**3 + 6 - 8*u - 5*u**2 - u**3. What is x(6)?
-6
Suppose j - l + 4 = l, 5*l = 3*j + 9. Suppose -j*a + 1 = -5*k, 2*a = k + 1 + 4. Let t(i) = i*